{"id":157,"date":"2023-11-14T13:50:20","date_gmt":"2023-11-14T12:50:20","guid":{"rendered":"https:\/\/s-e-consulting-group.com\/?page_id=157"},"modified":"2026-04-15T12:12:56","modified_gmt":"2026-04-15T12:12:56","slug":"lassociee","status":"publish","type":"page","link":"https:\/\/s-e-consulting-group.com\/index.php\/lassociee\/","title":{"rendered":"L&rsquo;associ\u00e9e"},"content":{"rendered":"<p>[et_pb_section fb_built=\u00a0\u00bb1&Prime; _builder_version=\u00a0\u00bb4.23.1&Prime; _module_preset=\u00a0\u00bbdefault\u00a0\u00bb background_color=\u00a0\u00bbgcid-85c053e7-7734-4df7-b9f7-4974ccf6755b\u00a0\u00bb box_shadow_style=\u00a0\u00bbpreset3&Prime; locked=\u00a0\u00bboff\u00a0\u00bb global_colors_info=\u00a0\u00bb{%22gcid-85c053e7-7734-4df7-b9f7-4974ccf6755b%22:%91%22background_color%22%93}\u00a0\u00bb][et_pb_row _builder_version=\u00a0\u00bb4.23.1&Prime; _module_preset=\u00a0\u00bbdefault\u00a0\u00bb global_colors_info=\u00a0\u00bb{}\u00a0\u00bb][et_pb_column type=\u00a0\u00bb4_4&Prime; _builder_version=\u00a0\u00bb4.23.1&Prime; _module_preset=\u00a0\u00bbdefault\u00a0\u00bb global_colors_info=\u00a0\u00bb{}\u00a0\u00bb][et_pb_text _builder_version=\u00a0\u00bb4.23.1&Prime; _module_preset=\u00a0\u00bbdefault\u00a0\u00bb text_font=\u00a0\u00bbInter|900|||||||\u00a0\u00bb text_text_color=\u00a0\u00bb#FFFFFF\u00a0\u00bb text_font_size=\u00a0\u00bb25px\u00a0\u00bb text_orientation=\u00a0\u00bbcenter\u00a0\u00bb text_text_shadow_style=\u00a0\u00bbpreset3&Prime; global_colors_info=\u00a0\u00bb{}\u00a0\u00bb]<\/p>\n<p>L&rsquo;ASSOCIEE<\/p>\n<p>[\/et_pb_text][\/et_pb_column][\/et_pb_row][\/et_pb_section][et_pb_section fb_built=\u00a0\u00bb1&Prime; _builder_version=\u00a0\u00bb4.23.1&Prime; _module_preset=\u00a0\u00bbdefault\u00a0\u00bb custom_padding=\u00a0\u00bb||27px|||\u00a0\u00bb global_colors_info=\u00a0\u00bb{}\u00a0\u00bb][et_pb_row column_structure=\u00a0\u00bb1_2,1_2&Prime; _builder_version=\u00a0\u00bb4.23.1&Prime; _module_preset=\u00a0\u00bbdefault\u00a0\u00bb custom_padding=\u00a0\u00bb54px|||||\u00a0\u00bb global_colors_info=\u00a0\u00bb{}\u00a0\u00bb][et_pb_column type=\u00a0\u00bb1_2&Prime; disabled_on=\u00a0\u00bboff|off|off\u00a0\u00bb _builder_version=\u00a0\u00bb4.23.1&Prime; _module_preset=\u00a0\u00bbdefault\u00a0\u00bb global_colors_info=\u00a0\u00bb{}\u00a0\u00bb][et_pb_image src=\u00a0\u00bbhttps:\/\/s-e-consulting-group.com\/wp-content\/uploads\/2023\/12\/XCXCD_ok.jpg\u00a0\u00bb title_text=\u00a0\u00bbXCXCD_ok\u00a0\u00bb disabled_on=\u00a0\u00bboff|off|off\u00a0\u00bb _builder_version=\u00a0\u00bb4.23.1&Prime; _module_preset=\u00a0\u00bbdefault\u00a0\u00bb max_width=\u00a0\u00bb94%\u00a0\u00bb module_alignment=\u00a0\u00bbcenter\u00a0\u00bb custom_margin=\u00a0\u00bb||-1px|||\u00a0\u00bb border_radii=\u00a0\u00bbon|12px|12px|12px|12px\u00a0\u00bb box_shadow_style=\u00a0\u00bbpreset1&Prime; locked=\u00a0\u00bboff\u00a0\u00bb global_colors_info=\u00a0\u00bb{}\u00a0\u00bb][\/et_pb_image][\/et_pb_column][et_pb_column type=\u00a0\u00bb1_2&Prime; _builder_version=\u00a0\u00bb4.23.1&Prime; _module_preset=\u00a0\u00bbdefault\u00a0\u00bb global_colors_info=\u00a0\u00bb{}\u00a0\u00bb][et_pb_icon font_icon=\u00a0\u00bb&#xf1ad;||fa||900&Prime; icon_color=\u00a0\u00bb#e6b238&Prime; icon_width=\u00a0\u00bb50px\u00a0\u00bb align=\u00a0\u00bbleft\u00a0\u00bb _builder_version=\u00a0\u00bb4.23.1&Prime; _module_preset=\u00a0\u00bbdefault\u00a0\u00bb custom_margin=\u00a0\u00bb||13px|||\u00a0\u00bb custom_padding=\u00a0\u00bb18px|||||\u00a0\u00bb global_colors_info=\u00a0\u00bb{}\u00a0\u00bb][\/et_pb_icon][et_pb_text _builder_version=\u00a0\u00bb4.23.1&Prime; _module_preset=\u00a0\u00bbdefault\u00a0\u00bb text_font=\u00a0\u00bbInter|800||on|||||\u00a0\u00bb text_font_size=\u00a0\u00bb29px\u00a0\u00bb text_line_height=\u00a0\u00bb1em\u00a0\u00bb text_orientation=\u00a0\u00bbcenter\u00a0\u00bb global_colors_info=\u00a0\u00bb{}\u00a0\u00bb]<\/p>\n<p style=\"text-align: left;\">Exp\u00e9riences Professionnelles<\/p>\n<p>[\/et_pb_text][et_pb_text _builder_version=\u00a0\u00bb4.23.1&Prime; _module_preset=\u00a0\u00bbdefault\u00a0\u00bb text_font=\u00a0\u00bbInter|300|||||||\u00a0\u00bb text_font_size=\u00a0\u00bb16px\u00a0\u00bb text_line_height=\u00a0\u00bb2em\u00a0\u00bb custom_margin=\u00a0\u00bb||-9px|||\u00a0\u00bb custom_padding=\u00a0\u00bb||0px|||\u00a0\u00bb global_colors_info=\u00a0\u00bb{}\u00a0\u00bb]<\/p>\n<p lang=\"fr-FR\" xml:lang=\"fr-FR\"><span><strong>Une exp\u00e9rience de plus de 25 ans<\/strong>\u00a0dans le\u00a0<strong>Conseil\u00a0<\/strong>et\u00a0<strong>l\u2019<\/strong><strong>Actuariat en Assurance Vie<\/strong><strong>\u00a0<\/strong>au sein de grands Groupes Internationaux\u00a0:<\/span><\/p>\n<ul>\n<li>\n<p lang=\"fr-FR\" xml:lang=\"fr-FR\"><span>AXA France,<\/span><\/p>\n<\/li>\n<li>\n<p lang=\"fr-FR\" xml:lang=\"fr-FR\"><span>AGF Vie France (d\u00e9sormais Allianz),<\/span><\/p>\n<\/li>\n<li>\n<p lang=\"fr-FR\" xml:lang=\"fr-FR\"><span>Assurances St-Honor\u00e9, France (filiale du groupe LCF Rothschild),<\/span><\/p>\n<\/li>\n<li>\n<p lang=\"fr-FR\" xml:lang=\"fr-FR\"><span>Groupe SUNU (groupe panafricain)<\/span><\/p>\n<\/li>\n<\/ul>\n<p>[\/et_pb_text][et_pb_icon font_icon=\u00a0\u00bb&#xf19d;||fa||900&Prime; icon_color=\u00a0\u00bb#e6b238&Prime; icon_width=\u00a0\u00bb50px\u00a0\u00bb align=\u00a0\u00bbleft\u00a0\u00bb _builder_version=\u00a0\u00bb4.23.1&Prime; _module_preset=\u00a0\u00bbdefault\u00a0\u00bb custom_margin=\u00a0\u00bb2px||13px|||\u00a0\u00bb global_colors_info=\u00a0\u00bb{}\u00a0\u00bb][\/et_pb_icon][et_pb_text _builder_version=\u00a0\u00bb4.23.1&Prime; _module_preset=\u00a0\u00bbdefault\u00a0\u00bb text_font=\u00a0\u00bbInter|800||on|||||\u00a0\u00bb text_font_size=\u00a0\u00bb30px\u00a0\u00bb text_line_height=\u00a0\u00bb1em\u00a0\u00bb text_orientation=\u00a0\u00bbcenter\u00a0\u00bb global_colors_info=\u00a0\u00bb{}\u00a0\u00bb]<\/p>\n<p style=\"text-align: left;\">Exp\u00e9riences Acad\u00e9miques<\/p>\n<p>[\/et_pb_text][et_pb_text _builder_version=\u00a0\u00bb4.23.1&Prime; _module_preset=\u00a0\u00bbdefault\u00a0\u00bb text_font=\u00a0\u00bbInter|300|||||||\u00a0\u00bb text_font_size=\u00a0\u00bb16px\u00a0\u00bb global_colors_info=\u00a0\u00bb{}\u00a0\u00bb]<\/p>\n<ul>\n<li>\n<p lang=\"fr-FR\" xml:lang=\"fr-FR\"><span>Dipl\u00f4m\u00e9e de l\u2019\u00e9cole d\u2019Actuariat de l\u2019Universit\u00e9 Laval, CANADA<\/span><\/p>\n<\/li>\n<li>\n<p lang=\"fr-FR\" xml:lang=\"fr-FR\"><span>Certifi\u00e9e HEC Paris en Corporate Finance,\u00a0<span lang=\"fr-CI\" xml:lang=\"fr-CI\">FRANCE,<\/span><\/span><\/p>\n<\/li>\n<li>\n<p lang=\"fr-FR\" xml:lang=\"fr-FR\"><span>Certifi\u00e9e HEC Paris en Strategy,\u00a0<span lang=\"fr-CI\" xml:lang=\"fr-CI\">FRANCE,<\/span><\/span><\/p>\n<\/li>\n<li>\n<p lang=\"fr-FR\" xml:lang=\"fr-FR\"><span><span lang=\"en-US\" xml:lang=\"en-US\">Certifi\u00e9e IFG Executive Education en Leadership, FRANCE,<\/span><\/span><\/p>\n<\/li>\n<li>\n<p lang=\"fr-FR\" xml:lang=\"fr-FR\"><span><span lang=\"en-US\" xml:lang=\"en-US\">Executive MBA General Management, IFG Executive Education, FRANCE,<\/span><\/span><\/p>\n<\/li>\n<li>\n<p lang=\"fr-FR\" xml:lang=\"fr-FR\"><span><span lang=\"en-US\" xml:lang=\"en-US\">MBA, Sorbonne Business School, FRANCE,<\/span><\/span><\/p>\n<\/li>\n<li>\n<p lang=\"fr-FR\" xml:lang=\"fr-FR\"><span>MASTER II d\u2019Etat en Administration des Entreprises, Universit\u00e9 Panth\u00e9on-Sorbonne, FRANCE<\/span><\/p>\n<\/li>\n<li>\n<p lang=\"fr-FR\" xml:lang=\"fr-FR\"><span>Certifi\u00e9e ACC ICF &#8211; International Coaching Federation &#8211;<\/span><\/p>\n<\/li>\n<li>\n<p lang=\"fr-FR\" xml:lang=\"fr-FR\"><span>Certifi\u00e9e Coaching Gestion, Qu\u00e9bec, CANADA<\/span><\/p>\n<\/li>\n<\/ul>\n<p>[\/et_pb_text][\/et_pb_column][\/et_pb_row][\/et_pb_section][et_pb_section fb_built=\u00a0\u00bb1&Prime; _builder_version=\u00a0\u00bb4.23.1&Prime; _module_preset=\u00a0\u00bbdefault\u00a0\u00bb background_color=\u00a0\u00bbgcid-a13652f3-2793-4cb6-9d99-526eb1549d6a\u00a0\u00bb global_colors_info=\u00a0\u00bb{%22gcid-a13652f3-2793-4cb6-9d99-526eb1549d6a%22:%91%22background_color%22%93}\u00a0\u00bb][et_pb_row column_structure=\u00a0\u00bb2_5,3_5&Prime; _builder_version=\u00a0\u00bb4.23.1&Prime; _module_preset=\u00a0\u00bbdefault\u00a0\u00bb global_colors_info=\u00a0\u00bb{}\u00a0\u00bb][et_pb_column type=\u00a0\u00bb2_5&Prime; _builder_version=\u00a0\u00bb4.23.1&Prime; _module_preset=\u00a0\u00bbdefault\u00a0\u00bb global_colors_info=\u00a0\u00bb{}\u00a0\u00bb][et_pb_text _builder_version=\u00a0\u00bb4.23.1&Prime; _module_preset=\u00a0\u00bbdefault\u00a0\u00bb text_font=\u00a0\u00bbInter|800||on|on||||\u00a0\u00bb text_text_color=\u00a0\u00bb#FFFFFF\u00a0\u00bb text_font_size=\u00a0\u00bb41px\u00a0\u00bb text_orientation_tablet=\u00a0\u00bbcenter\u00a0\u00bb text_orientation_phone=\u00a0\u00bbcenter\u00a0\u00bb text_orientation_last_edited=\u00a0\u00bbon|tablet\u00a0\u00bb global_colors_info=\u00a0\u00bb{}\u00a0\u00bb]<\/p>\n<p>Interview<\/p>\n<p>[\/et_pb_text][et_pb_text _builder_version=\u00a0\u00bb4.23.1&Prime; _module_preset=\u00a0\u00bbdefault\u00a0\u00bb text_font=\u00a0\u00bbInter|300|||||||\u00a0\u00bb text_text_color=\u00a0\u00bb#FFFFFF\u00a0\u00bb text_orientation=\u00a0\u00bbjustified\u00a0\u00bb text_orientation_tablet=\u00a0\u00bbjustified\u00a0\u00bb text_orientation_phone=\u00a0\u00bbjustified\u00a0\u00bb text_orientation_last_edited=\u00a0\u00bbon|desktop\u00a0\u00bb global_colors_info=\u00a0\u00bb{}\u00a0\u00bb]<\/p>\n<p class=\"selectable-text copyable-text x15bjb6t x1n2onr6\" dir=\"ltr\"><strong><span class=\"selectable-text copyable-text\">Boss Lady, sp\u00e9cial C\u00f4te d&rsquo;Ivoire !<\/span><\/strong><\/p>\n<p class=\"selectable-text copyable-text x15bjb6t x1n2onr6\" dir=\"ltr\"><span class=\"selectable-text copyable-text\">&lt;&lt;Dans cet autre \u00e9pisode Boss Lady, d\u00e9di\u00e9 aux femmes ivoiriennes, nous recevons une invit\u00e9e passionn\u00e9e par les math\u00e9matiques. <\/span><\/p>\n<p class=\"selectable-text copyable-text x15bjb6t x1n2onr6\" dir=\"ltr\"><span class=\"selectable-text copyable-text\">Madame <strong>Myrtille MADODE<\/strong> est Associ\u00e9e G\u00e9rante de <strong><em>S&amp;E Consulting Group<\/em><b>*<\/b><\/strong>. <\/span><\/p>\n<p class=\"selectable-text copyable-text x15bjb6t x1n2onr6\" dir=\"ltr\"><span class=\"selectable-text copyable-text\">D\u00e9couvrez son parcours, ses difficult\u00e9s <\/span><span class=\"selectable-text copyable-text\">rencontr\u00e9es, ses d\u00e9fis surmont\u00e9s et faites bon usage de ses conseils pour r\u00e9ussir&#8230;&gt;&gt;<\/span><\/p>\n<p>[\/et_pb_text][et_pb_text _builder_version=\u00a0\u00bb4.23.1&Prime; _module_preset=\u00a0\u00bbdefault\u00a0\u00bb text_font=\u00a0\u00bbInter|300|||||||\u00a0\u00bb text_text_color=\u00a0\u00bb#FFFFFF\u00a0\u00bb text_font_size=\u00a0\u00bb11px\u00a0\u00bb text_orientation=\u00a0\u00bbjustified\u00a0\u00bb custom_margin=\u00a0\u00bb-15px||20px|||\u00a0\u00bb text_orientation_tablet=\u00a0\u00bbjustified\u00a0\u00bb text_orientation_phone=\u00a0\u00bbjustified\u00a0\u00bb text_orientation_last_edited=\u00a0\u00bbon|desktop\u00a0\u00bb global_colors_info=\u00a0\u00bb{}\u00a0\u00bb]<\/p>\n<p class=\"selectable-text copyable-text x15bjb6t x1n2onr6\" dir=\"ltr\"><span class=\"selectable-text copyable-text\"><strong><em><b>*<\/b>S&amp;E Consulting <\/em><\/strong><em>devient <strong> <\/strong>en 2024<\/em><strong><em> S&amp;E Consulting Group<\/em><\/strong>.\u00a0<\/span><\/p>\n<p>[\/et_pb_text][et_pb_button button_url=\u00a0\u00bbhttps:\/\/www.facebook.com\/watch\/?mibextid=WC7FNe&#038;v=877286241091768&#038;rdid=oKyAGdWptlX8m523&Prime; url_new_window=\u00a0\u00bbon\u00a0\u00bb button_text=\u00a0\u00bbSuivre la video sur Facebook\u00a0\u00bb button_alignment_tablet=\u00a0\u00bbcenter\u00a0\u00bb button_alignment_phone=\u00a0\u00bbcenter\u00a0\u00bb button_alignment_last_edited=\u00a0\u00bbon|desktop\u00a0\u00bb _builder_version=\u00a0\u00bb4.23.1&Prime; _module_preset=\u00a0\u00bbdefault\u00a0\u00bb custom_button=\u00a0\u00bbon\u00a0\u00bb button_text_size=\u00a0\u00bb14px\u00a0\u00bb button_text_color=\u00a0\u00bb#FFFFFF\u00a0\u00bb button_font=\u00a0\u00bbInter|700|||||||\u00a0\u00bb global_colors_info=\u00a0\u00bb{}\u00a0\u00bb][\/et_pb_button][\/et_pb_column][et_pb_column type=\u00a0\u00bb3_5&Prime; _builder_version=\u00a0\u00bb4.23.1&Prime; _module_preset=\u00a0\u00bbdefault\u00a0\u00bb global_colors_info=\u00a0\u00bb{}\u00a0\u00bb][et_pb_video src=\u00a0\u00bbhttps:\/\/s-e-consulting-group.com\/wp-content\/uploads\/2024\/07\/SE-CONSULTING-GROUP.mp4&Prime; image_src=\u00a0\u00bbhttps:\/\/s-e-consulting-group.com\/wp-content\/uploads\/2024\/07\/ccc.jpg\u00a0\u00bb play_icon_color=\u00a0\u00bbgcid-c53b1cf2-84ef-4f51-bcc8-b14d4961f78d\u00a0\u00bb font_icon=\u00a0\u00bb&#xe04e;||divi||400&Prime; use_icon_font_size=\u00a0\u00bbon\u00a0\u00bb icon_font_size=\u00a0\u00bb89px\u00a0\u00bb _builder_version=\u00a0\u00bb4.23.1&Prime; _module_preset=\u00a0\u00bbdefault\u00a0\u00bb border_radii=\u00a0\u00bbon|21px|21px|21px|21px\u00a0\u00bb box_shadow_style=\u00a0\u00bbpreset3&Prime; global_colors_info=\u00a0\u00bb{%22gcid-c53b1cf2-84ef-4f51-bcc8-b14d4961f78d%22:%91%22play_icon_color%22%93}\u00a0\u00bb][\/et_pb_video][\/et_pb_column][\/et_pb_row][\/et_pb_section][et_pb_section fb_built=\u00a0\u00bb1&Prime; _builder_version=\u00a0\u00bb4.23.1&Prime; _module_preset=\u00a0\u00bbdefault\u00a0\u00bb background_color=\u00a0\u00bbgcid-c53b1cf2-84ef-4f51-bcc8-b14d4961f78d\u00a0\u00bb custom_padding=\u00a0\u00bb0px||0px|||\u00a0\u00bb box_shadow_style=\u00a0\u00bbpreset3&Prime; global_colors_info=\u00a0\u00bb{%22gcid-c53b1cf2-84ef-4f51-bcc8-b14d4961f78d%22:%91%22background_color%22%93}\u00a0\u00bb][et_pb_row _builder_version=\u00a0\u00bb4.23.1&Prime; _module_preset=\u00a0\u00bbdefault\u00a0\u00bb custom_padding=\u00a0\u00bb8px||6px|||\u00a0\u00bb global_colors_info=\u00a0\u00bb{}\u00a0\u00bb][et_pb_column type=\u00a0\u00bb4_4&Prime; _builder_version=\u00a0\u00bb4.23.1&Prime; _module_preset=\u00a0\u00bbdefault\u00a0\u00bb global_colors_info=\u00a0\u00bb{}\u00a0\u00bb][et_pb_text _builder_version=\u00a0\u00bb4.23.1&Prime; _module_preset=\u00a0\u00bbdefault\u00a0\u00bb text_font=\u00a0\u00bbInter|900||on|||||\u00a0\u00bb text_text_color=\u00a0\u00bbgcid-85c053e7-7734-4df7-b9f7-4974ccf6755b\u00a0\u00bb text_font_size=\u00a0\u00bb16px\u00a0\u00bb text_orientation=\u00a0\u00bbcenter\u00a0\u00bb link_option_url=\u00a0\u00bb\/wp-content\/uploads\/2024\/07\/Plaquette-Commerciale-SE-Consulting-Group.pdf.pdf\u00a0\u00bb link_option_url_new_window=\u00a0\u00bbon\u00a0\u00bb global_colors_info=\u00a0\u00bb{%22gcid-85c053e7-7734-4df7-b9f7-4974ccf6755b%22:%91%22text_text_color%22%93}\u00a0\u00bb]<\/p>\n<p>Telecharger notre plaquette commerciale<\/p>\n<p>[\/et_pb_text][\/et_pb_column][\/et_pb_row][\/et_pb_section][et_pb_section fb_built=\u00a0\u00bb1&Prime; admin_label=\u00a0\u00bbFooter\u00a0\u00bb _builder_version=\u00a0\u00bb4.22.0&Prime; _module_preset=\u00a0\u00bbdefault\u00a0\u00bb background_color=\u00a0\u00bb#000000&Prime; saved_tabs=\u00a0\u00bball\u00a0\u00bb locked=\u00a0\u00bboff\u00a0\u00bb collapsed=\u00a0\u00bbon\u00a0\u00bb global_colors_info=\u00a0\u00bb{}\u00a0\u00bb][et_pb_row column_structure=\u00a0\u00bb1_3,1_3,1_3&Prime; _builder_version=\u00a0\u00bb4.22.0&Prime; _module_preset=\u00a0\u00bbdefault\u00a0\u00bb global_colors_info=\u00a0\u00bb{}\u00a0\u00bb][et_pb_column type=\u00a0\u00bb1_3&Prime; _builder_version=\u00a0\u00bb4.22.0&Prime; _module_preset=\u00a0\u00bbdefault\u00a0\u00bb global_colors_info=\u00a0\u00bb{}\u00a0\u00bb][et_pb_text _builder_version=\u00a0\u00bb4.23.1&Prime; _module_preset=\u00a0\u00bb5691cd3e-1424-4a01-96e9-afa4dd47a7ee\u00a0\u00bb text_font=\u00a0\u00bbInter|700||on|||||\u00a0\u00bb text_text_color=\u00a0\u00bb#FFFFFF\u00a0\u00bb text_font_size=\u00a0\u00bb17px\u00a0\u00bb header_6_text_color=\u00a0\u00bbgcid-bddc0b07-204a-471f-a9e9-ce834b37b79c\u00a0\u00bb custom_margin=\u00a0\u00bb||10px||false|false\u00a0\u00bb locked=\u00a0\u00bboff\u00a0\u00bb global_colors_info=\u00a0\u00bb{%22gcid-bddc0b07-204a-471f-a9e9-ce834b37b79c%22:%91%22header_6_text_color%22%93}\u00a0\u00bb]<\/p>\n<p>EMAIL<\/p>\n<p>[\/et_pb_text][et_pb_text _builder_version=\u00a0\u00bb4.23.1&Prime; _module_preset=\u00a0\u00bbdefault\u00a0\u00bb text_font=\u00a0\u00bbInter|700|||||||\u00a0\u00bb text_text_color=\u00a0\u00bbgcid-c53b1cf2-84ef-4f51-bcc8-b14d4961f78d\u00a0\u00bb text_font_size=\u00a0\u00bb16px\u00a0\u00bb link_option_url=\u00a0\u00bbmailto:infos@s-e-consulting-group.com\u00a0\u00bb global_colors_info=\u00a0\u00bb{%22gcid-c53b1cf2-84ef-4f51-bcc8-b14d4961f78d%22:%91%22text_text_color%22%93}\u00a0\u00bb]<\/p>\n<p>infos@s-e-consulting-group.com<\/p>\n<p>[\/et_pb_text][et_pb_text _builder_version=\u00a0\u00bb4.23.1&Prime; _module_preset=\u00a0\u00bb5691cd3e-1424-4a01-96e9-afa4dd47a7ee\u00a0\u00bb text_font=\u00a0\u00bbInter|700||on|||||\u00a0\u00bb text_text_color=\u00a0\u00bb#FFFFFF\u00a0\u00bb text_font_size=\u00a0\u00bb17px\u00a0\u00bb header_6_text_color=\u00a0\u00bbgcid-bddc0b07-204a-471f-a9e9-ce834b37b79c\u00a0\u00bb custom_margin=\u00a0\u00bb||10px||false|false\u00a0\u00bb locked=\u00a0\u00bboff\u00a0\u00bb global_colors_info=\u00a0\u00bb{%22gcid-bddc0b07-204a-471f-a9e9-ce834b37b79c%22:%91%22header_6_text_color%22%93}\u00a0\u00bb]<\/p>\n<p>TELEPHONE<\/p>\n<p>[\/et_pb_text][et_pb_text _builder_version=\u00a0\u00bb4.23.1&Prime; _module_preset=\u00a0\u00bbdefault\u00a0\u00bb text_font=\u00a0\u00bbInter|600|||||||\u00a0\u00bb text_text_color=\u00a0\u00bbgcid-c53b1cf2-84ef-4f51-bcc8-b14d4961f78d\u00a0\u00bb text_font_size=\u00a0\u00bb16px\u00a0\u00bb global_colors_info=\u00a0\u00bb{%22gcid-c53b1cf2-84ef-4f51-bcc8-b14d4961f78d%22:%91%22text_text_color%22%93}\u00a0\u00bb]<\/p>\n<p>(+225) 01 01 54 08 08\u00a0<\/p>\n<p>[\/et_pb_text][et_pb_text _builder_version=\u00a0\u00bb4.23.1&Prime; _module_preset=\u00a0\u00bb5691cd3e-1424-4a01-96e9-afa4dd47a7ee\u00a0\u00bb text_font=\u00a0\u00bbInter|800|||||||\u00a0\u00bb text_text_color=\u00a0\u00bb#FFFFFF\u00a0\u00bb text_font_size=\u00a0\u00bb15px\u00a0\u00bb header_6_text_color=\u00a0\u00bbgcid-bddc0b07-204a-471f-a9e9-ce834b37b79c\u00a0\u00bb custom_margin=\u00a0\u00bb22px||0px||false|false\u00a0\u00bb link_option_url=\u00a0\u00bb s-e-consulting-group.com\/index.php\/mentions-legales\/\u00a0\u00bb locked=\u00a0\u00bboff\u00a0\u00bb global_colors_info=\u00a0\u00bb{%22gcid-bddc0b07-204a-471f-a9e9-ce834b37b79c%22:%91%22header_6_text_color%22%93}\u00a0\u00bb]<\/p>\n<p>MENTIONS LEGALES<\/p>\n<p>[\/et_pb_text][\/et_pb_column][et_pb_column type=\u00a0\u00bb1_3&Prime; _builder_version=\u00a0\u00bb4.22.0&Prime; _module_preset=\u00a0\u00bbdefault\u00a0\u00bb global_colors_info=\u00a0\u00bb{}\u00a0\u00bb][et_pb_text _builder_version=\u00a0\u00bb4.23.1&Prime; _module_preset=\u00a0\u00bb5691cd3e-1424-4a01-96e9-afa4dd47a7ee\u00a0\u00bb text_font=\u00a0\u00bbInter|800||on|||||\u00a0\u00bb text_text_color=\u00a0\u00bb#FFFFFF\u00a0\u00bb text_font_size=\u00a0\u00bb17px\u00a0\u00bb header_6_text_color=\u00a0\u00bbgcid-bddc0b07-204a-471f-a9e9-ce834b37b79c\u00a0\u00bb custom_margin=\u00a0\u00bb||7px||false|false\u00a0\u00bb locked=\u00a0\u00bboff\u00a0\u00bb global_colors_info=\u00a0\u00bb{%22gcid-bddc0b07-204a-471f-a9e9-ce834b37b79c%22:%91%22header_6_text_color%22%93}\u00a0\u00bb]<\/p>\n<p>Nous suivre<\/p>\n<p>[\/et_pb_text][et_pb_icon font_icon=\u00a0\u00bb&#xe0cb;||divi||400&Prime; icon_color=\u00a0\u00bbgcid-c53b1cf2-84ef-4f51-bcc8-b14d4961f78d\u00a0\u00bb icon_width=\u00a0\u00bb35px\u00a0\u00bb url=\u00a0\u00bbhttps:\/\/www.linkedin.com\/company\/s-e-consulting\/\u00a0\u00bb align=\u00a0\u00bbleft\u00a0\u00bb _builder_version=\u00a0\u00bb4.23.1&Prime; _module_preset=\u00a0\u00bbdefault\u00a0\u00bb custom_css_free_form=\u00a0\u00bb.selector:hover .et_pb_text_inner p {||  color: white;||}\u00a0\u00bb global_colors_info=\u00a0\u00bb{%22gcid-c53b1cf2-84ef-4f51-bcc8-b14d4961f78d%22:%91%22icon_color%22%93}\u00a0\u00bb][\/et_pb_icon][\/et_pb_column][et_pb_column type=\u00a0\u00bb1_3&Prime; _builder_version=\u00a0\u00bb4.23.1&Prime; _module_preset=\u00a0\u00bbdefault\u00a0\u00bb global_colors_info=\u00a0\u00bb{}\u00a0\u00bb][et_pb_text _builder_version=\u00a0\u00bb4.23.1&Prime; _module_preset=\u00a0\u00bb5691cd3e-1424-4a01-96e9-afa4dd47a7ee\u00a0\u00bb text_font=\u00a0\u00bbInter|700||on|||||\u00a0\u00bb text_text_color=\u00a0\u00bb#FFFFFF\u00a0\u00bb text_font_size=\u00a0\u00bb17px\u00a0\u00bb header_6_text_color=\u00a0\u00bbgcid-bddc0b07-204a-471f-a9e9-ce834b37b79c\u00a0\u00bb custom_margin=\u00a0\u00bb||10px||false|false\u00a0\u00bb locked=\u00a0\u00bboff\u00a0\u00bb global_colors_info=\u00a0\u00bb{%22gcid-bddc0b07-204a-471f-a9e9-ce834b37b79c%22:%91%22header_6_text_color%22%93}\u00a0\u00bb]<\/p>\n<p>Services<\/p>\n<p>[\/et_pb_text][et_pb_text _builder_version=\u00a0\u00bb4.23.1&Prime; _module_preset=\u00a0\u00bbdefault\u00a0\u00bb text_font=\u00a0\u00bbInter|600|||||||\u00a0\u00bb text_text_color=\u00a0\u00bbgcid-c53b1cf2-84ef-4f51-bcc8-b14d4961f78d\u00a0\u00bb text_font_size=\u00a0\u00bb16px\u00a0\u00bb link_option_url=\u00a0\u00bbhttps:\/\/s-e-consulting-group.com\/index.php\/conseil-en-actuariat\/\u00a0\u00bb custom_css_free_form=\u00a0\u00bb.selector:hover .et_pb_text_inner p {||  color: white;||}\u00a0\u00bb global_colors_info=\u00a0\u00bb{%22gcid-c53b1cf2-84ef-4f51-bcc8-b14d4961f78d%22:%91%22text_text_color%22%93}\u00a0\u00bb]<\/p>\n<p><span>Actuariat et Assurances<\/span><\/p>\n<p>[\/et_pb_text][et_pb_text _builder_version=\u00a0\u00bb4.23.1&Prime; _module_preset=\u00a0\u00bbdefault\u00a0\u00bb text_font=\u00a0\u00bbInter|600|||||||\u00a0\u00bb text_text_color=\u00a0\u00bbgcid-c53b1cf2-84ef-4f51-bcc8-b14d4961f78d\u00a0\u00bb text_font_size=\u00a0\u00bb16px\u00a0\u00bb custom_margin=\u00a0\u00bb-18px|||||\u00a0\u00bb link_option_url=\u00a0\u00bbhttps:\/\/s-e-consulting-group.com\/index.php\/coaching-pour-loptimisation\/\u00a0\u00bb custom_css_free_form=\u00a0\u00bb.selector:hover .et_pb_text_inner p {||  color: white;||}\u00a0\u00bb global_colors_info=\u00a0\u00bb{%22gcid-c53b1cf2-84ef-4f51-bcc8-b14d4961f78d%22:%91%22text_text_color%22%93}\u00a0\u00bb]<\/p>\n<p><span>Coaching<\/span><\/p>\n<p>[\/et_pb_text][et_pb_text _builder_version=\u00a0\u00bb4.23.1&Prime; _module_preset=\u00a0\u00bbdefault\u00a0\u00bb text_font=\u00a0\u00bbInter|600|||||||\u00a0\u00bb text_text_color=\u00a0\u00bbgcid-c53b1cf2-84ef-4f51-bcc8-b14d4961f78d\u00a0\u00bb text_font_size=\u00a0\u00bb16px\u00a0\u00bb custom_margin=\u00a0\u00bb-18px|||||\u00a0\u00bb link_option_url=\u00a0\u00bbhttps:\/\/s-e-consulting-group.com\/index.php\/formation\/\u00a0\u00bb custom_css_free_form=\u00a0\u00bb.selector:hover .et_pb_text_inner p {||  color: white;||}\u00a0\u00bb global_colors_info=\u00a0\u00bb{%22gcid-c53b1cf2-84ef-4f51-bcc8-b14d4961f78d%22:%91%22text_text_color%22%93}\u00a0\u00bb]<\/p>\n<p><span>Formation<\/span><\/p>\n<p>[\/et_pb_text][et_pb_text _builder_version=\u00a0\u00bb4.23.1&Prime; _module_preset=\u00a0\u00bbdefault\u00a0\u00bb text_font=\u00a0\u00bbInter|600|||||||\u00a0\u00bb text_text_color=\u00a0\u00bbgcid-c53b1cf2-84ef-4f51-bcc8-b14d4961f78d\u00a0\u00bb text_font_size=\u00a0\u00bb16px\u00a0\u00bb custom_margin=\u00a0\u00bb-18px|||||\u00a0\u00bb link_option_url=\u00a0\u00bbhttps:\/\/s-e-consulting-group.com\/index.php\/conseil-en-strategie\/\u00a0\u00bb custom_css_free_form=\u00a0\u00bb.selector:hover .et_pb_text_inner p {||  color: white;||}\u00a0\u00bb global_colors_info=\u00a0\u00bb{%22gcid-c53b1cf2-84ef-4f51-bcc8-b14d4961f78d%22:%91%22text_text_color%22%93}\u00a0\u00bb]<\/p>\n<p><strong>Strat\u00e9gie et Organisation<\/strong><\/p>\n<p>[\/et_pb_text][\/et_pb_column][\/et_pb_row][et_pb_row _builder_version=\u00a0\u00bb4.22.0&Prime; _module_preset=\u00a0\u00bbdefault\u00a0\u00bb global_colors_info=\u00a0\u00bb{}\u00a0\u00bb][et_pb_column type=\u00a0\u00bb4_4&Prime; _builder_version=\u00a0\u00bb4.22.0&Prime; _module_preset=\u00a0\u00bbdefault\u00a0\u00bb global_colors_info=\u00a0\u00bb{}\u00a0\u00bb][et_pb_text _builder_version=\u00a0\u00bb4.23.1&Prime; _dynamic_attributes=\u00a0\u00bbcontent\u00a0\u00bb _module_preset=\u00a0\u00bb1e50f0df-10b0-493d-9476-f5bf7978a1c3&Prime; text_text_color=\u00a0\u00bbgcid-c53b1cf2-84ef-4f51-bcc8-b14d4961f78d\u00a0\u00bb text_font_size=\u00a0\u00bb14px\u00a0\u00bb text_orientation=\u00a0\u00bbcenter\u00a0\u00bb global_colors_info=\u00a0\u00bb{%22gcid-c53b1cf2-84ef-4f51-bcc8-b14d4961f78d%22:%91%22text_text_color%22%93}\u00a0\u00bb]@ET-DC@eyJkeW5hbWljIjp0cnVlLCJjb250ZW50IjoiY3VycmVudF9kYXRlIiwic2V0dGluZ3MiOnsiYmVmb3JlIjoiQ29weXJpZ2h0ICZjb3B5OyAiLCJhZnRlciI6IiBTJmFtcDtFIENPTlNVTFRJTkcgR1JPVVAuIEFsbCBSaWdodHMgUmVzZXJ2ZWQuIiwiZGF0ZV9mb3JtYXQiOiJjdXN0b20iLCJjdXN0b21fZGF0ZV9mb3JtYXQiOiJZIn19@[\/et_pb_text][\/et_pb_column][\/et_pb_row][\/et_pb_section]<\/p>\n","protected":false},"excerpt":{"rendered":"<p>L&rsquo;ASSOCIEEExp\u00e9riences ProfessionnellesUne exp\u00e9rience de plus de 25 ans\u00a0dans le\u00a0Conseil\u00a0et\u00a0l\u2019Actuariat en Assurance Vie\u00a0au sein de grands Groupes Internationaux\u00a0: AXA France, AGF Vie France (d\u00e9sormais Allianz), Assurances St-Honor\u00e9, France (filiale du groupe LCF Rothschild), Groupe SUNU (groupe panafricain) Exp\u00e9riences Acad\u00e9miques Dipl\u00f4m\u00e9e de l\u2019\u00e9cole d\u2019Actuariat de l\u2019Universit\u00e9 Laval, CANADA Certifi\u00e9e HEC Paris en Corporate Finance,\u00a0FRANCE, Certifi\u00e9e HEC Paris [&hellip;]<\/p>\n","protected":false},"author":1,"featured_media":0,"parent":0,"menu_order":0,"comment_status":"closed","ping_status":"closed","template":"","meta":{"_et_pb_use_builder":"on","_et_pb_old_content":"<!-- wp:divi\/placeholder \/-->","_et_gb_content_width":"","footnotes":""},"class_list":["post-157","page","type-page","status-publish","hentry"],"_links":{"self":[{"href":"https:\/\/s-e-consulting-group.com\/index.php\/wp-json\/wp\/v2\/pages\/157","targetHints":{"allow":["GET"]}}],"collection":[{"href":"https:\/\/s-e-consulting-group.com\/index.php\/wp-json\/wp\/v2\/pages"}],"about":[{"href":"https:\/\/s-e-consulting-group.com\/index.php\/wp-json\/wp\/v2\/types\/page"}],"author":[{"embeddable":true,"href":"https:\/\/s-e-consulting-group.com\/index.php\/wp-json\/wp\/v2\/users\/1"}],"replies":[{"embeddable":true,"href":"https:\/\/s-e-consulting-group.com\/index.php\/wp-json\/wp\/v2\/comments?post=157"}],"version-history":[{"count":65,"href":"https:\/\/s-e-consulting-group.com\/index.php\/wp-json\/wp\/v2\/pages\/157\/revisions"}],"predecessor-version":[{"id":989,"href":"https:\/\/s-e-consulting-group.com\/index.php\/wp-json\/wp\/v2\/pages\/157\/revisions\/989"}],"wp:attachment":[{"href":"https:\/\/s-e-consulting-group.com\/index.php\/wp-json\/wp\/v2\/media?parent=157"}],"curies":[{"name":"wp","href":"https:\/\/api.w.org\/{rel}","templated":true}]}}